base 10?
31033
16014 (base 8) to base 9
10757
What is -202 (base 14) in base 8?
-612
-908 (base 12) to base 3
-1210022
What is -26c (base 14) in base 13?
-2b7
What is -25a1 (base 11) in base 6?
-23350
-11291 (base 12) to base 16
-594d
What is 7b1 (base 15) in base 9?
2344
What is 1046 (base 7) in base 16?
179
-169b (base 13) to base 6
-23243
Convert -752 (base 9) to base 2.
-1001100110
156 (base 13) to base 3
22220
What is a29a (base 16) in base 12?
2010a
What is -985 (base 10) in base 16?
-3d9
1185 (base 9) to base 5
12022
Convert -2728 (base 13) to base 9.
-7624
-257 (base 16) to base 5
-4344
-11322310 (base 4) to base 9
-36227
What is e94b (base 16) in base 15?
12a68
What is 2122 (base 14) in base 6?
42242
8061 (base 14) to base 13
a052
Convert 1212012 (base 3) to base 2.
10101001011
-76 (base 16) to base 15
-7d
4197 (base 11) to base 3
21121121
What is -2312 (base 7) in base 5?
-11332
2050 (base 6) to base 16
1ce
111 (base 13) to base 4
2313
What is -3316 (base 9) in base 16?
-98d
1a8 (base 16) to base 8
650
1332030 (base 4) to base 14
2d2c
Convert -10000010 (base 2) to base 5.
-1010
-9dc (base 15) to base 14
-b56
Convert -2322244 (base 5) to base 4.
-22103113
10320132 (base 4) to base 11
14030
Convert 132 (base 4) to base 2.
11110
Convert -57446 (base 9) to base 11.
-26835
356b (base 14) to base 4
2101123
Convert -36552 (base 7) to base 15.
-2c63
What is -5a0 (base 15) in base 4?
-103323
-1264 (base 7) to base 12
-347
What is 10403 (base 6) in base 8?
2643
What is -13003 (base 4) in base 5?
-3301
What is -16979 (base 10) in base 16?
-4253
Convert 1467 (base 9) to base 16.
45a
What is 102021220 (base 3) in base 5?
230412
What is 666c (base 14) in base 4?
10111020
-400b (base 12) to base 6
-52015
-335664 (base 7) to base 15
-12a39
Convert -123 (base 7) to base 13.
-51
What is 11000112001 (base 3) in base 10?
79111
Convert 714a (base 14) to base 9.
28633
What is -10010011010 (base 2) in base 3?
-1121122
Convert -2110 (base 4) to base 5.
-1043
What is -50a2 (base 16) in base 14?
-7746
Convert -17dd (base 16) to base 9.
-8337
Convert 1a2 (base 13) to base 4.
10231
-11200222 (base 4) to base 6
-252254
Convert 436 (base 11) to base 12.
377
-4c2 (base 16) to base 8
-2302
Convert -1034113 (base 5) to base 10.
-18033
Convert -44233 (base 9) to base 10.
-29352
Convert -914 (base 10) to base 7.
-2444
Convert 7d43 (base 15) to base 13.
c162
Convert -942 (base 11) to base 14.
-5b1
Convert 3251 (base 6) to base 15.
351
33212 (base 6) to base 15
157b
What is 1268 (base 9) in base 14?
4c1
What is 39072 (base 10) in base 6?
500520
-14326 (base 7) to base 13
-1a41
Convert -14312 (base 5) to base 3.
-1122201
bd5 (base 15) to base 16
a73
Convert -1112000 (base 3) to base 8.
-2123
Convert 12110020 (base 3) to base 15.
12a0
Convert -26 (base 11) to base 6.
-44
What is 94a1 (base 15) in base 5?
2001201
What is 2452 (base 7) in base 4?
32113
Convert -11233 (base 8) to base 13.
-2225
-526c (base 13) to base 14
-4233
-20002 (base 5) to base 6
-5444
-3873 (base 12) to base 3
-22210220
100025 (base 7) to base 5
1014301
What is -22c9 (base 15) in base 14?
-299b
1101001001100011 (base 2) to base 9
81783
What is 623 (base 8) in base 6?
1511
What is -223102 (base 5) in base 12?
-46a6
What is 64 (base 11) in base 5?
240
What is -174 (base 14) in base 7?
-604
What is -350 (base 7) in base 16?
-b6
Convert -70a (base 16) to base 15.
-802
1010000111101111 (base 2) to base 12
1bba7
What is 32156 (base 7) in base 10?
7979
What is -5993 (base 12) in base 13?
-475b
What is 1542 (base 7) in base 9?
756
What is -12112 (base 4) in base 8?
-626
What is 21f3 (base 16) in base 2?
10000111110011
Convert -4421 (base 5) to base 4.
-21203
-1212320 (base 6) to base 14
-194b6
What is -30312 (base 4) in base 5?
-11242
1311321 (base 4) to base 8
16571
What is 32230 (base 4) in base 12?
664
-526 (base 8) to base 16
-156
-bd0 (base 15) to base 8
-5156
-36650 (base 9) to base 7
-131454
Convert -1168 (base 13) to base 15.
-ad7
Convert 10230 (base 5) to base 6.
3110
Convert 1616 (base 7) to base 9.
802
What is -10 (base 3) in base 14?
-3
3411 (base 6) to base 3
1002121
Convert -4319 (base 11) to base 13.
-27a0
What is -14c29 (base 14) in base 13?
-1a752
124555 (base 7) to base 8
55342
Convert -10020101200 (base 3) to base 6.
-1210543
-1284 (base 10) to base 13
-77a
What is 222011 (base 3) in base 12?
4aa
Convert 3382 (base 12) to base 8.
13122
What is 4e4 (base 15) in base 13?
679
-11027 (base 8) to base 16
-1217
-16118 (base 11) to base 13
-a494
What is 66166 (base 8) in base 6?
332314
Convert 3112 (base 6) to base 7.
2006
Convert 35245 (base 7) to base 15.
2a34
What is -1100100111 (base 2) in base 16?
-327
Convert 241525 (base 6) to base 9.
32008
1072 (base 12) to base 14
938
-883 (base 10) to base 3
-1012201
10220 (base 4) to base 13
19a
Convert -1b684 (base 12) to base 15.
-c0dd
Convert -7154 (base 9) to base 2.
-1010001110001
-496 (base 13) to base 11
-667
What is 1021022000 (base 3) in base 14?
917c
What is -1131202 (base 5) in base 13?
-9612
161253 (base 7) to base 12
16410
20928 (base 11) to base 12
15715
What is -1320132 (base 4) in base 6?
-55410
Convert 3925 (base 10) to base 7.
14305
What is -243636 (base 7) in base 6?
-542200
What is -1abba (base 12) in base 11?
-2794a
Convert 380 (base 15) to base 16.
31b
What is -10000010010000010 (base 2) in base 12?
-32716
What is -154 (base 8) in base 7?
-213
-101010000 (base 2) to base 10
-336
-3654 (base 13) to base 11
-5847
What is -3d30 (base 15) in base 10?
-13095
-7b5 (base 12) to base 15
-515
Convert -11012201 (base 3) to base 9.
-4181
Convert 2442 (base 10) to base 11.
1920
What is 7d8 (base 16) in base 2?
11111011000
What is 423103 (base 5) in base 3?
201102012
Convert -111102 (base 3) to base 6.
-1402
What is 110111001111 (base 2) in base 14?
1407
-89e (base 16) to base 12
-133a
Convert -324210 (base 6) to base 8.
-64356
Convert 42330 (base 6) to base 13.
27c9
-23201 (base 4) to base 14
-3a9
-1231 (base 5) to base 13
-119
Convert 20b (base 13) to base 10.
349
What is -300113 (base 6) in base 15?
-6dd3
-23d (base 15) to base 14
-284
Convert -457 (base 11) to base 13.
-330
11012 (base 5) to base 2
1011110101
-128 (base 14) to base 13
-14b
Convert -293a (base 11) to base 14.
-1550
-15076 (base 14) to base 16
-cc10
9856 (base 11) to base 15
3cc3
What is 26444 (base 8) in base 12?
6830
Convert 100110110111 (base 2) to base 5.
34422
What is -137 (base 14) in base 8?
-365
-10102 (base 4) to base 6
-1134
What is 30255 (base 12) in base 16?
f461
-106c (base 16) to base 7
-15154
Convert -3543 (base 7) to base 10.
-1305
What is a0 (base 12) in base 11?
aa
Convert 3243 (base 5) to base 13.
286
What is 7a7 (base 16) in base 15?
8a9
Convert -516 (base 8) to base 7.
-655
Convert 23182 (base 10) to base 3.
1011210121
Convert -12a8 (base 16) to base 6.
-34040
What is -1654 (base 8) in base 10?
-940
What is -4b93 (base 13) in base 15?
-32cc
-111010 (base 2) to base 7
-112
What is -20232 (base 4) in base 10?
-558
Convert 3200 (base 7) to base 11.
935
18174 (base 9) to base 6
134021
What is 11010 (base 3) in base 9?
133
Convert -6600 (base 11) to base 2.
-10001000001000
What is -44201 (base 6) in base 15?
-1c31
What is 11110010100101 (base 2) in base 14?
592d
Convert 1791 (base 13) to base 12.
2036
Convert 1144 (base 16) to base 6.
32244
69f (base 16) to base 5
23240
3300233 (base 4) to base 13
7022
Convert -2949 (base 12) to base 7.
-20010
815 (base 11) to base 16
3d8
Convert -146521 (base 7) to base 2.
-111000000111001
What is 7555 (base 10) in base 14?
2a79
201 (base 14) to base 8
611
What is 12463 (base 9) in base 13?
3a92
What is 7038 (base 11) in base 10?
9358
-11969 (base 11) to base 6
-211200
Convert 754 (base 14) to base 3.
1222120
-370 (base 16) to base 3
-1012121
What is 627 (base 15) in base 8?
2553
-3213212 (base 4) to base 16
-39e6
-1840 (base 10) to base 3
-2112011
-d2 (base 15) to base 16
-c5
What is -1505 (base 6) in base 9?
-485
Convert 2ac5 (base 16) to base 4.
2223011
-34435 (base 8) to base 11
-aa92
-2233313 (base 4) to base 14
-415d
What is -1ce (base 16) in base 14?
-250
Convert -211356 (base 7) to base 16.
-8ec2
What is -2634 (base 13) in base 2?
-1010101001011
Convert 142 (base 10) to base 11.
11a
-11100110110 (base 2) to base 